f (h/(-9))/((-5)/15)?
3
Let h be -4*1/(-4)*4. Let t(z) = z**3 - z**2 + 3*z + 1. What is the tens digit of t(h)?
6
Let l(j) = -1 - 1 - j + 0. Let x be l(-7). Suppose 86 + 34 = x*b. What is the units digit of b?
4
Suppose 0 = 3*l + j + 73, -4*l = -2*j - 18 + 112. What is the tens digit of 2/(-8) + (-1350)/l?
5
Let p be (-1)/(-4)*1 + 231/84. Suppose 4*q - 200 = -p*a, -5*a + 4*q = 6*q - 324. What is the units digit of a?
4
Let m = 17 + -11. Suppose m*t - 90 = 8*t. What is the tens digit of (32/5)/((-9)/t)?
3
Let k = -4 - 1. What is the units digit of (59 + 1)*(-4)/k?
8
Suppose f - 1534 - 1349 = 0. What is the thousands digit of f?
2
Suppose 3*j - 9 = 23*p - 26*p, 5*p + 13 = -j. Let t = 6 - 10. Let o = j - t. What is the tens digit of o?
1
Let f(o) = -14*o + 4. Let k be f(1). Let m = k + 94. What is the units digit of m?
4
What is the thousands digit of 4/38 + (-17)/(3553/(-523105))?
2
Let h(c) = c**3 + 18*c**2 + 18*c + 29. What is the tens digit of h(-8)?
2
Let h = 3 + 0. Suppose 0 = -h*c - 36 - 9. What is the units digit of (-72)/c*(4 - -1)?
4
Suppose 3*d - 384 - 684 = 0. Let t be (-3)/(-9) + d/3. Suppose 16 + t = 5*y. What is the tens digit of y?
2
Let k(q) = -30*q**2 - q. Let r be k(1). Let m = r - -34. What is the units digit of m?
3
Suppose 685 - 14685 = -10*p. What is the tens digit of p?
0
Suppose 808 = 6*s - 2*s. Suppose 2*k - s = -2*t, -5*k - 314 = -4*t + 81. What is the tens digit of t?
0
Suppose 121*l = 65*l + 100856. What is the hundreds digit of l?
8
Let m = -16 - -40. Suppose -5*s + 1 = -m. Suppose -4*z = -s*f + 18, 2*z + 3*z + 15 = 5*f. What is the units digit of f?
6
What is the hundreds digit of (((-372)/3)/2)/(11/(-110))?
6
Suppose -2*g - 1720 = -5*v + 4309, -5*v + g = -6027. What is the thousands digit of v?
1
Let d(a) be the second derivative of a**4/3 - 4*a**3/3 - 13*a**2/2 - 9*a. What is the units digit of d(-3)?
7
Let l(d) = d**3 - d**2 + 1. Let m = -16 - -16. Let f be l(m). Suppose 3*z + f - 16 = 0. What is the units digit of z?
5
Suppose -12 = -3*o, 0*s - 1323 = -3*s + 3*o. Suppose 5*r - 3*w - s = 0, -3*r + 8 = 2*w - 240. What is the units digit of r?
6
Suppose 0 = -44*d - 9*d + 32701. What is the units digit of d?
7
Suppose -132 = -3*r - 0*r. Suppose i - 16 - r = 0. What is the units digit of i?
0
Let z be -4 - (-5)/(3 + -2). What is the tens digit of 4 + (95 - (z + 3))?
9
Let a(v) = 18*v**3 + 2*v**2 - v - 6. What is the hundreds digit of a(2)?
1
What is the hundreds digit of (-3)/((-54)/16286) - 36/(-162)?
9
Let h = -5 - -8. Let i be (h/(-2))/((-6)/112). Let a = i + -5. What is the tens digit of a?
2
Suppose 4*n - 60 = 24. Suppose -5*a = -4*y - 198, 2*a + n = 4*y + 93. What is the units digit of a?
2
Let o be (-690)/(-78) + (-4)/(-26). Suppose g = -k + 10, 2*k + 3*g - 12 = o. What is the units digit of k?
9
Let l(k) = k**2 - 4*k + 2. Suppose 8*a - 7*a - 4 = 0. Let y be l(a). Suppose y*s = -5*v + 122, s = -2*v - s + 50. What is the units digit of v?
4
What is the hundreds digit of 6 - (-28)/(-21)*(-8076)/8?
3
Suppose -6*v + 959 = -1. Suppose 0 = 2*q - v + 108. What is the tens digit of q?
2
Suppose 3996*n - 2090 = 3995*n. What is the units digit of n?
0
Suppose 2*f + 3*k = -2*k - 5, -2 = 4*f + 2*k. Suppose -x - u - u + 147 = f, -4*u = x - 139. What is the units digit of x?
5
What is the thousands digit of 1*(6/(-4) - 69450/(-20))?
3
Let r be (-1488)/64 - 2/(-8). Let p = 6 + r. What is the units digit of (1/(-2))/(p/204)?
6
Let p(d) = -d**3 - d**2 + d. Let v be 3 + 0 + 0 + -4. Let k be p(v). What is the units digit of 1 - ((-66)/k)/(-3)?
3
Let c = -32 + 29. What is the units digit of (-29 + 1)*(c + 2)?
8
Let o(l) = -2*l**2 + 3*l + 6. Let m be o(-3). What is the tens digit of 18 + m - -3*15?
4
Suppose 4*a + a = q + 3, -q - 4*a + 6 = 0. Let s = 16 + q. Suppose g = -s + 66. What is the units digit of g?
8
Let y be 12/(-24) - 477/(-2). Suppose -5*s = -0*u + u - y, 0 = -s + 4*u + 56. What is the tens digit of s?
4
Let u(m) be the second derivative of 2*m**4/3 - 5*m**3/3 + m**2 - 28*m. What is the units digit of u(5)?
2
Let u(y) = -3*y - 19. Suppose m - q = 2*q - 33, -36 = m - 4*q. Let s = m - -14. What is the units digit of u(s)?
1
Let x be 1 - (-2 + 0 + 1). Suppose -x*o + 12 = -0*o. Suppose -5*q - 86 = -4*d, 0 = 3*q - o. What is the tens digit of d?
2
Let w(v) = -6*v + 5. Let z be w(-3). Let b = z + 25. What is the units digit of b?
8
Let b be (-9)/15 + (-730)/(-50). Suppose -2*d = n - b, 42 = -n + 4*n - 4*d. What is the units digit of n?
4
Suppose -2*r + 3*a = -93, -a + 112 = 2*r + r. Let l be 6/r + (-72)/(-39). What is the units digit of 7*(l + (-1 - -2))?
1
Suppose 3*x - 288 = -3*x. Suppose -x = y - 2*y. What is the tens digit of y?
4
Suppose -v = -4*a + 3739, 4*a + 4*v - 1766 = 1958. What is the hundreds digit of a?
9
Let q(i) = i**3 + 3*i**2 - 8*i + 4. What is the tens digit of q(3)?
3
Suppose -5*f + 2*o = -3*f - 430, -659 = -3*f - 4*o. What is the hundreds digit of f?
2
Let p(l) = 3*l**2 + 7*l + 2. Let k(i) = 7*i**2 + 15*i + 5. Let g be (0 + 2 - 0) + -4. Let q(a) = g*k(a) + 5*p(a). What is the units digit of q(-7)?
4
Let p = 41 + -39. Suppose s - c - 2*c = 46, -3*c - 83 = -p*s. What is the tens digit of s?
3
Suppose 0 = -3*i + 3095 + 5884. What is the units digit of i?
3
What is the hundreds digit of 4 - (-431)/(-2)*(-30)/15?
4
Suppose 7*r + 297 = 10*r + 3*j, 312 = 3*r - 2*j. What is the tens digit of r?
0
Suppose 3*d = 143 + 79. What is the tens digit of d?
7
Let m = -39 - -48. What is the units digit of m?
9
What is the tens digit of -16 + (5 - -2) - -2586?
7
Let s(f) be the first derivative of f**2/2 + 3*f + 2. Let i be s(2). Suppose 4 + 16 = 4*j - i*t, -5*t + 50 = 3*j. What is the tens digit of j?
1
Suppose 2*f + 2*n + n - 1165 = 0, 0 = 2*f + 5*n - 1171. What is the units digit of f?
8
Let t(o) = 5*o**2 - 7*o - 10. Let h be (-2 + -2)*(-2)/(6/(-3)). What is the tens digit of t(h)?
9
Suppose -5*i - 4990 = -5*t, -2*t + 1968 = i + 4*i. What is the units digit of t?
4
Suppose -a = 2*a - 4*h - 116, -28 = -a - 4*h. Let d be 39*(-2)/12*4. Let u = a + d. What is the units digit of u?
0
Let n = 373 - 164. Let o = -76 + n. What is the units digit of o?
3
Let p(q) = -2*q**3 + 172. What is the units digit of p(0)?
2
Let w(z) = 3*z**2 + 2*z + 2. Suppose 4*j = -4*p + 28, -5*p + 3*j - 9 = -4*p. Let o be w(p). Suppose -d = 0, -l + 5*d - o = -6*l. What is the units digit of l?
7
Let c(o) = -135*o + 78. What is the tens digit of c(-3)?
8
Suppose -8*v + 15 = -3*v. Suppose 6*l - 7*l - 5*n + 83 = 0, 2*n = -v*l + 288. What is the tens digit of l?
9
Let j be (325/(-10))/(-13)*2*-1. Let r(p) = p**2 - 2. Let c be r(-3). Let m = j + c. What is the units digit of m?
2
Let z(c) = 20*c - 6. Suppose -6*b + 18 = -12. Let o be b/2 - (-6)/12. What is the units digit of z(o)?
4
Let a be (8/5)/(11/(-55)). Let p = -23 + 51. Let u = a + p. What is the units digit of u?
0
Let h = 43 + -69. Let m(a) = -a**3 - 9*a - 40. Let p be m(-4). Let d = p + h. What is the units digit of d?
4
Suppose -4*r - 30 - 30 = 0. Let d(b) = -111*b + 30. Let t be d(r). What is the units digit of (-2)/(-11) - t/(-55)?
1
Let i = 3725 - 2165. What is the tens digit of i?
6
Let f(x) = -x**3 - 3*x**2 - 18*x + 15. What is the units digit of f(-8)?
9
Let y(x) = -134*x**3 + 3*x**2 + 5*x. What is the hundreds digit of y(-2)?
0
Suppose -2*s + k + 3205 = 0, -2*s + 2*k = -3*s + 1610. What is the units digit of s?
4
What is the thousands digit of 3 + -3 + (-60669)/(-21)?
2
Let i be (-34)/(-10) + 4/(-10). Let f = -2 + i. Let j(q) = 25*q. What is the units digit of j(f)?
5
Suppose 0 = -8*f + 11*f - 9. Let t = -1 - -41. Suppose 4*w + t = 4*y, 4*w - f = 3*w. What is the tens digit of y?
1
Let q = 45 + -27. Suppose 1512 = -12*s + q*s. What is the tens digit of s?
5
Suppose 197*s = 204*s - 5334. What is the tens digit of s?
6
Suppose -5*g + 9990 = 5*r, -40*g = -35*g + 15. What is the hundreds digit of r?
0
Let s(c) be the first derivative of c**3/3 + 7*c**2/2 - 4*c + 1. Let z be s(-7). What is the units digit of ((-16)/(-2))/z - -28?
6
Suppose 2*q + 0*q - 228 = -2*n, -q - 3*n + 120 = 0. Suppose 23 = 2*i - q. Suppose -5*z + 0*z - 4*u = -i, -5*z - 2*u = -61. What is the units digit of z?
1
Let r be (25/(-20))/(2/(-32)). Let c(v) = 3*v - 9. Let m be c(4). Suppose -m*a - r + 74 = 0. What is the t